multiple of 41?
True
Is 479 a factor of 499593168?
True
Does 1075 divide 513689112?
False
Does 12 divide 1319563517?
False
Is 139584010 a multiple of 62?
True
Does 14 divide 40198524?
False
Is 282 a factor of 79268340?
False
Does 2299 divide 1000722514?
True
Is 8 a factor of 45810120?
True
Is 140 a factor of 239992098?
False
Is 5827 a factor of 2583907161?
False
Is 307 a factor of 24799725?
False
Does 19 divide 7948175?
True
Is 43 a factor of 43507529?
True
Does 52 divide 779683261?
False
Is 47204333 a multiple of 5189?
True
Is 501318575 a multiple of 171?
False
Does 1040 divide 51985377?
False
Is 1130299776 a multiple of 32?
True
Does 8 divide 74444406?
False
Does 10 divide 6213769400?
True
Is 1401 a factor of 23297229?
True
Is 5 a factor of 20617340?
True
Is 56811346 a multiple of 384?
False
Is 336840336 a multiple of 3312?
True
Is 522094104 a multiple of 36?
True
Is 840 a factor of 43566829?
False
Is 93 a factor of 245985?
True
Is 1252971547 a multiple of 65?
False
Does 20 divide 223173400?
True
Does 55 divide 31477739?
False
Is 3271 a factor of 226252946?
False
Is 146 a factor of 26455910?
False
Is 67 a factor of 290003978?
False
Does 75 divide 35693925?
True
Is 103529950 a multiple of 1315?
True
Is 47107892 a multiple of 462?
False
Is 21 a factor of 200501217?
True
Does 46 divide 3147071048?
True
Does 1896 divide 272264808?
False
Is 5 a factor of 1079960?
True
Does 6101 divide 104511857?
False
Does 79 divide 776037?
False
Does 50 divide 66154650?
True
Is 4477574934 a multiple of 14?
True
Is 11821602 a multiple of 2469?
False
Is 375 a factor of 102998165?
False
Does 45 divide 869494776?
False
Is 23287261 a multiple of 16?
False
Is 140 a factor of 18459654?
False
Does 175 divide 18319875?
True
Is 15288431 a multiple of 182?
False
Does 75 divide 32827526?
False
Does 64 divide 212218368?
True
Does 9 divide 79036024?
False
Is 2847022038 a multiple of 11?
False
Is 248 a factor of 3943742?
False
Is 3 a factor of 1701968?
False
Is 1167 a factor of 10673231?
False
Is 36491800 a multiple of 184?
True
Does 472 divide 634418716?
False
Is 10 a factor of 157743591?
False
Is 2009910 a multiple of 17?
True
Does 460 divide 332009600?
True
Does 50 divide 171455050?
True
Is 41761252 a multiple of 13?
True
Is 4737756 a multiple of 15?
False
Is 175 a factor of 46441500?
True
Does 2071 divide 327242852?
True
Is 5574432 a multiple of 48?
True
Is 44841580 a multiple of 35?
True
Is 1458042818 a multiple of 386?
True
Is 216181669 a multiple of 1067?
True
Is 89978155 a multiple of 14?
False
Does 2518 divide 252382384?
False
Is 178000548 a multiple of 40?
False
Is 67 a factor of 1568769356?
True
Is 3880385600 a multiple of 145?
True
Does 2287 divide 64452234?
True
Does 1390 divide 9707760?
True
Does 68 divide 1900783804?
True
Is 22 a factor of 251563449?
False
Does 2827 divide 252340847?
True
Does 478 divide 1771721139?
False
Is 4605018 a multiple of 135?
False
Does 180 divide 205165794?
False
Does 16 divide 3173592479?
False
Is 25934594 a multiple of 14?
True
Is 215171806 a multiple of 1283?
False
Is 1626 a factor of 219594552?
True
Does 73 divide 209880938?
False
Is 272474441 a multiple of 15?
False
Is 15722356 a multiple of 85?
False
Is 43 a factor of 24571953?
False
Is 1382 a factor of 562502589?
False
Does 71 divide 83297673?
False
Does 109 divide 3712531?
False
Is 75494500 a multiple of 1745?
False
Is 216 a factor of 3648568?
False
Is 50029294 a multiple of 453?
False
Does 195 divide 51918555?
True
Is 396572351 a multiple of 28?
False
Is 172434420 a multiple of 90?
True
Does 21 divide 46667733?
True
Is 41 a factor of 1680674788?
True
Is 21 a factor of 8672163?
False
Does 3203 divide 72640837?
True
Is 653352187 a multiple of 162?
False
Is 16952446 a multiple of 707?
True
Is 628 a factor of 7312109?
False
Does 8 divide 7152211?
False
Does 1562 divide 175254838?
True
Is 627254930 a multiple of 1655?
True
Is 379 a factor of 1805872?
False
Does 167 divide 221246941?
False
Is 234897815 a multiple of 644?
False
Is 82361299 a multiple of 5?
False
Does 439 divide 9884963?
True
Does 394 divide 2606242232?
True
Does 99 divide 5449656847?
False
Does 94 divide 15417007?
False
Is 222 a factor of 55278331?
False
Is 2287016532 a multiple of 206?
True
Is 1376637125 a multiple of 66?
False
Is 27 a factor of 236169435?
False
Is 417 a factor of 4314471224?
False
Is 35425357 a multiple of 155?
False
Is 35807590 a multiple of 665?
True
Is 15 a factor of 9196330?
False
Is 34 a factor of 991093550?
False
Does 3563 divide 310412123?
True
Is 136 a factor of 33931320?
True
Is 758128003 a multiple of 1069?
False
Is 90 a factor of 163766880?
True
Is 79975726 a multiple of 33?
False
Does 2 divide 8163238?
True
Is 505468578 a multiple of 9?
False
Is 179082264 a multiple of 933?
False
Is 21 a factor of 57764682?
False
Does 49 divide 21258797?
True
Is 135 a factor of 200171292?
False
Does 12 divide 41909280?
True
Does 160 divide 42940160?
True
Is 96 a factor of 1998624?
True
Is 136592009 a multiple of 2581?
False
Does 5534 divide 458694750?
False
Is 1677 a factor of 51418497?
True
Is 41975808 a multiple of 56?
True
Does 1460 divide 13153140?
True
Does 105 divide 334779456?
False
Is 1363716999 a multiple of 1187?
True
Is 5093662 a multiple of 765?
False
Does 1150 divide 580380713?
False
Is 29908770 a multiple of 298?
True
Is 48 a factor of 377127905?
False
Does 1121 divide 16227596?
True
Is 8997000 a multiple of 5?
True
Does 52 divide 149781254?
False
Does 1678 divide 2164579728?
True
Is 82323409 a multiple of 14?
False
Does 72 divide 220642704?
True
Is 237133089 a multiple of 103?
True
Is 119984617 a multiple of 18?
False
Does 2 divide 1643691?
False
Does 5 divide 23842395?
True
Is 12 a factor of 49293036?
True
Is 9296099 a multiple of 59?
True
Does 75 divide 289631829?
False
Is 76775967 a multiple of 117?
False
Does 145 divide 138008390?
True
Is 6718214 a multiple of 342?
False
Is 235 a factor of 9902900?
True
Does 3104 divide 690059552?
True
Is 46406172 a multiple of 26?
False
Is 1327184953 a multiple of 6?
False
Is 20956756 a multiple of 1209?
False
Is 62172609 a multiple of 1381?
False
Does 29 divide 89867491?
True
Is 17 a factor of 436826543?
True
Is 45 a factor of 150447996?
False
Is 238 a factor of 132029072?
True
Does 8 divide 55836165?
False
Is 267 a factor of 880065642?
True
Is 183112210 a multiple of 1440?
False
Does 14 divide 1161635428?
False
Is 19 a factor of 1241688?
True
Does 290 divide 54872060?
True
Is 31515750 a multiple of 1575?
True
Does 1035 divide 99228555?
True
Does 14 divide 60575235?
False
Does 1392 divide 78350112?
True
Does 503 divide 5899412004?
False
Is 112864788 a multiple of 2826?
True
Is 869484 a multiple of 4?
True
Does 2326 divide 4735573180?
True
Is 4 a factor of 666441?
False
Is 10036 a factor of 1753632467?
False
Is 746864274 a multiple of 6?
True
Is 188134184 a multiple of 7?
True
Does 1969 divide 133627878?
False
Does 15 divide 749538030?
True
Is 17566375 a multiple of 1455?
False
Does 19 divide 13743813?
False
Is 13 a factor of 979628?
True
Is 180660795 a multiple of 49?
True
Is 101301867 a multiple of 16?
False
Is 2086 a factor of 351320197?
False
Is 14 a factor of 601106601?
False
Is 66180896 a multiple of 7?
False
Is 955565684 a multiple of 929?
True
Does 111 divide 332818404?
True
Is 415 a factor of 20499006?
False
Does 543 divide 19013145?
True
Does 504 divide 340962048?
True
Does 10 divide 47230466?
False
Is 1307 a factor of 25385637?
False
Is 13323049 a multiple of 1169?
False
Does 103 divide 603724921?
True
Is 865352484 a multiple of 324?
True
Is 124232940 a multiple of 20?
True
Does 24 divide 16667592?
True
Does 59 divide 110668881?
False
Is 7 a factor of 209203414?
True
Is 62 a factor of 15154350?
True
Is 220 a factor of 6221600?
True
Does 3736 divide 215488219?
False
Is 1978 a factor of 44137092?
True
Is 50 a factor of 174437600?
True
Is 13 a factor of 45318831?
False
Is 9035960 a multiple of 183?
False
Is 21823805 a multiple of 87?
False
Does 168 divide 93302121?
False
Is 2756000409 a multiple of 7967?
True
Is 26 a factor of 31857893?
False
Is 5320672 a multiple of 17?
False
Is 12 a factor of 605704200?
True
Is 59197930 a multiple of 55?
True
Does 722 divide 57883226?
False
Is 1946090 a multiple of 529?
False
Is 558040448 a multiple of